{"id":56,"date":"2014-07-20T18:22:56","date_gmt":"2014-07-20T18:22:56","guid":{"rendered":"http:\/\/2pc.cl\/plantilla_2\/?page_id=56"},"modified":"2015-06-14T06:04:55","modified_gmt":"2015-06-14T06:04:55","slug":"historia","status":"publish","type":"page","link":"https:\/\/portal.mph.cl\/?page_id=56","title":{"rendered":"Historia"},"content":{"rendered":"<h2>MARRUECOS<\/h2>\n<p>Breve s\u00edntesis de la historia de las tierras de Marruecos, que hoy se denominan Padre Hurtado.<\/p>\n<p><strong>Los primeros habitantes.<\/strong><br \/>\nEn tiempos anteriores a la conquista, el actual territorio de Padre Hurtado era conocido como PEUCODA\u00d1E, voz mapuche que significa \u201cnido de peuco\u201d, derivado de peuco, el ave de rapi\u00f1a y da\u00f1e: nido. Desde muy antiguo estas tierras al poniente del valle del r\u00edo Mapocho estuvieron pobladas por naturales que se agrupaban en tres \u201cpueblos de indios\u201d: los de Curamapu, Pelv\u00edn y Malloco.<\/p>\n<p><strong>En tiempos de la Colonia<br \/>\n<\/strong>Cuando los espa\u00f1oles llegaron a estas tierras, Fue pr\u00e1ctica muy com\u00fan de los gobernadores entregarles mercedes de tierras a los servidores m\u00e1s destacados, a manera de recompensa por los servicios prestados a la Corona. Es as\u00ed como en el a\u00f1o1604, el Gobernador de don Alonso de Ribera, otorg\u00f3 una merced de 350 cuadras de Peucoda\u00f1e (P. Hurtado) al general Hernando Talaverano Gallegos. En esta zona hubo otras importantes estancias como Pe\u00f1aflor o Curamapu, de la familia Lisperguer; Malloco, de Domingo de Erazo; Pelv\u00edn, de Santiago de Azoca; Carrizal, de los Valdivia; y Peucoda\u00f1e de Hern\u00e1n Talaverano.<\/p>\n<p><strong>Siglos XVII Y XVIII<br \/>\n<\/strong>La estancia de Peucoda\u00f1e, conocida luego como Santa Cruz, fue propiedad de los<br \/>\nMart\u00ednez de Prado en el siglo XVII y en el siglo XVIII la hered\u00f3 Josefa de Ureta y<br \/>\nPrado, suegra de Domingo Vald\u00e9s, fundador del mayorazgo.<\/p>\n<p>Domingo de Vald\u00e9s y Gonz\u00e1les-Soveral, hab\u00eda nacido en Lima en 1695., descendiente del linaje asturiano Men\u00e9ndez Vald\u00e9s de Cornellana. Lleg\u00f3 joven a Chile y se dedic\u00f3 con \u00e9xito al comercio. M\u00e1s tarde se cas\u00f3 en Santiago con la noble criolla Francisca de Borja de la Carrera, hija de Miguel de la Carrera y de Josefa Ureta, ambos descendientes de los primeros conquistadores y encomenderos del val le de Santiago.<br \/>\nRecibi\u00f3 de su suegra una porci\u00f3n de tierra en Santa Cruz, que ampli\u00f3 al adquirir otras propiedades contiguas, entre ellas la vecina estancia de Carrizal, Queriendo dar permanencia a] lustre y bienestar econ\u00f3mico de la familia, en 1749 obtuvo autorizaci\u00f3n del Rey para fundar un mayorazgo (el hijo mayor hereda las tierras y la casa de la familia, manteniendo asi el apellido por l\u00ednea de varones la tierra sin subdividir a trav\u00e9s de las generaciones) Lo hered\u00f3 su hijo primog\u00e9nito, Francisco Javier Vald\u00e9s Carrera, qui\u00e9n en 1787 adquiri\u00f3 las tierras de indios de Curamapu, cuando \u00e9stos fueron trasladados a Pomaire. A Francisco Javier le sucedi\u00f3 su primog\u00e9nito, Jos\u00e9 Antonio Vald\u00e9s Garc\u00eda-Huidobro y a \u00e9ste Jos\u00e9 Agust\u00edn Valdes Saravia, quien dedic\u00f3 su vida a trabajar la tierra de sus antepasados y fue testigo, en 1854 de la abolici\u00f3n de los mayorazgos. El \u00faltimo mayorazgo Vald\u00e9s y su mujer y prima, Tr\u00e1nsito Vald\u00e9s, debieron dividir entre sus trece hijos la estancia de Santa Cruz.<br \/>\nUna de las hjuclas, situada al costado del camino entre Santiago y Valparaso, se vendi\u00f3 a Angel Ort\u00fazar, primer propietario de la propiedad a la que se dio el nombre de MARRUECOS.<\/p>\n<p>\u00c1ngel Ort\u00fazar Formas era un acaudalado propietario y hombre p\u00fablico, diputado al! Congreso en 1841 y Senador en 1851 Casado primero con Javiera Gandarillas y viudo de e]]a, con Carolina Montt, fue padre de 15 hijos a los que educ\u00f3 celosamente, en un ambiente refinado pero estricto.<br \/>\nEn las hasta entonces desnudas tierras de Marruecos form\u00f3 una productiva hacienda a la que dio riego permanente, empast\u00f3 y apotrer\u00f3, traz\u00f3 y arbol\u00f3 caminos, construy\u00f3 bodegas y casa patronal. Hizo una elegante residencia de un piso con un esbelto mirador y rodeada de un extenso parque. En 1868 muri\u00f3 don Angel Ort\u00fazar y sus cuantiosos bienes se dividieron entre su no menos cuantiosa familia.<br \/>\nLa Hacienda Marruecos se asign\u00f3a su hija Benigna Ort\u00fazar Gandarillas, hac\u00eda ya veinte a\u00f1os casada con su primo Alvaro Covarrubias Ort\u00fazar.<br \/>\nDon Alvaro falleci\u00f3 en 1899 y a sucesi\u00f3n arrend\u00f3 el fundo a Don Alberto Tagle Ruiz.<\/p>\n<p>Don Alberto Tagle Ru\u00edz estaba casado con do\u00f1a Leonor Vald\u00e9s Ort\u00fazar, nieta de don Angel. Ten\u00eda 25 a\u00f1os cuando arrend\u00f3 el fundo Marruecos y luego lo compr\u00f3 a Do\u00f1a Benigna Ort\u00fazar.<\/p>\n<p>Don Alberto hizo de Marruecos una propiedad modelo que hacia 1920 contaba con 250 cuadras planas m\u00e1s 150 de \u201cisla de r\u00edo\u201d en el cauce del Mapocho. Produc\u00eda principalmente leche y pasto, adem\u00e1s de trigo, chacarer\u00eda y multiplicaci\u00f3n de semillas. Ten\u00eda modernos establos y silos, 35 casas de inquilinos. Su preocupaci\u00f3n constante por el bienestar de sus inquilinos, lo llev\u00f3 a ceder un terreno y construir una escuela modelo que luego don\u00f3 al Fisco.<br \/>\nEntonces, las tierras de Santa Cruz eran parte del departamento de La Victoria, creado en 1834. En 1909 se le design\u00f3 comuna, habiendo un peque\u00f1o caser\u00edo de este nombre a la orilla del Camino Real o Camino de las Carretas, como se llamaba entonces.<br \/>\nLa construcci\u00f3n del ferrocarril al poniente en 889, importante obra del gobierno de Federico Err\u00e1zuriz Z., signific\u00f3 un gran adelanto para toda la zona. Lina de sus estaciones se construy\u00f3 cerca de la bifurcaci\u00f3n del Camino a Melipilla (Real) y el antiguo Camino a Valpara\u00edso, y tom\u00f3 el nombre de a Hacienda Marruecos, el que posteriormente se hizo extensivo a todo el pueblo. El ferrocarril acort\u00f3 de manera significativa la distancia entre Santiago y Melipilla generando una actividad creciente en la zona a la vez que hizo de la estaci\u00f3n Marruecos un punto obligado de encuentro y sociabilidad para sus habitantes.<\/p>\n<p>Don Alberto Tagle hombre que pose\u00eda un gran esp\u00edritu de servicio, fue elegido alcalde de la comuna de Santa Cruz de la Victoria en 1909, buscando siempre el desarrollo y bienestar de los vecinos. Hombre de profunda Ce religiosa, junto a su mujer Leonor Vald\u00e9s, formaron una familia unida y de s\u00f3lidos principios.Tuvieron seis hijos: Alberto, Mario, Ignacio, Eugenio, Antonio y Manuel Tagie Vald\u00e9s.<br \/>\nEn aquella \u00e9poca era costumbre que en los fundos se hicieran Misiones una vez al aio, a las que concurr\u00eda toda la gente de los alrededores para acercarse m\u00e1s a Dios y recibir los sacramentos que administraban los Misioneros, generalmente los Padres Capuchinos. Pero para ir a la Misa Dominical, la Iglesia m\u00e1s cercana era [a de Malloco y hab\u00eda que ir en coche o en carreta, con las consiguientes dificultades. Don Alberto Tagle, interesado en que los vecinos de Marruecos contaran con un servicio religioso m\u00e1s cercano, don\u00f3 un terreno cercano a la Plaza para construir una Iglesia para el pueblo. Los planos fueron hechos por su hijo, el arquitecto Ignacio Tagle Vald\u00e9s y muchos vecinos colaboraron en la construcci\u00f3n de este templo.<br \/>\nContiguo a este templo, don Alberto don\u00f3 varias hect\u00e1reas del Fundo Marruecos para construir un convento que pudiera albergar a una Orden religiosa que sirviera la Parroquia. Este terreno fue ofrecido a varias Congregaciones, que por diferentes motivos no se interesaron Quienes si se manifestaron interesados fueron los Padres de la Compa\u00f1\u00eda de Jes\u00fas, particularmente el Padre Hurtado. Los Jesuitas ten\u00edan su Noviciado en Chill\u00e1n y luego del terremoto de 1936 \u00e9ste hab\u00eda quedado en muy malas condiciones, de modo que el Padre Alberto Hurtado vio una excelente oportunidad para su Orden, que podr\u00eda Contar con un Seminario muy cercano a Santiago y asi fueron los Jesuitas quienes se hicieron cargo del servicio de la Parroquia San Ignacio de Loyola, cuya primera piedra se puso en 1940.<\/p>\n<p>Cuando estaban en etapa de realizar las escrituras de donaci\u00f3n, don Alberto Tagle sufri\u00f3 un infarto que le caus\u00f3 la muerte. El Padre Hurtado, su gran amigo, presidi\u00f3 la Misa de los funerales y dijo en su homil\u00eda fue su muerte, cual su vida, humilde, pl\u00e1cida, reconfortante. Con, prendi\u00f3 que el cristiano debe m\u00e1s bien dar que pedir y dio a todos los que se pusieron\/unto a l. Sus bienes, su tiempos u cari\u00f1o, Su ejemplo&#8230; La rectitud habitaba en su coraz\u00f3n y la verdad estaba siempre en sus labios \u201c. (Marzo de 1942)<\/p>\n<p>A [a muerte de don Alberto la hacienda Marruecos qued\u00f3 en poder de su viuda, Leonor Vald\u00e9s. La administraci\u00f3n de las tierras qued\u00f3 en manos de su hijo menor Manuel Tagle Vald\u00e9s.<br \/>\nManuel Tagle Vald\u00e9s, el menor de los seis hermanos, Ingeniero Agr\u00f3nomo, Hizo sus estudios en los Padres Alemanes y luego ingres\u00f3 a la Universidad Cat\u00f3lica donde estudi\u00f3 Agronom\u00eda. Fue disc\u00edpulo del Padre Hurtado en la Acci\u00f3n Cat\u00f3lica, cultivando una amistad que perdLlrar\u00eda hasta su muerte. A Manuel Tagle tambi\u00e9n correspondi\u00f3 continuar las conversaciones con el Padre Hurtado para formalizar el traspaso de los terrenos e iniciar la construcci\u00f3n del nuevo Noviciado. Guiado por el mismo esp\u00edritu de servicio que inculcaron sus padres a todos sus hijos, fue elegido Regidor el a\u00f1o 1938, a los 21 a\u00f1os, siendo el Regidor m\u00e1s joven de Pe\u00f1aflor. Fue reelegido en ese cargo por 5 per\u00edodos. Luego fue por dos per\u00edodos Diputado de]Segundo Distrito por el Partido Conservador, y m\u00e1s tarde tuvo una importante actividad gremial en la Sociedad Nacional de Agricultura, a cargo de todas las escuelas Agr\u00edcolas del pa\u00eds. Su especial cari\u00f1o por la zona le Hev\u00f3 a fundar la Escuela agr\u00edcola El Oliveto en Talagante, para formar t\u00e9cnicos agr\u00edcolas del mejor nivel. Luego trabaj\u00f3 con gran empe\u00f1o hasta conseguir que Padre Hurtado se transformara en comuna.<\/p>\n<p><strong>Los \u00faltimos 50 a\u00f1os<br \/>\n<\/strong>Siempre apasionado por la m\u00fasica y su difusi\u00f3n, Manuel Tagle form\u00f3 un importante coro de j\u00f3venes en la Parroquia, que interpretaban composiciones de grandes autores como Bach, H\u00e1endel. Mozart y otros autores de m\u00fasica sacra y villancicos populares.<br \/>\nLa llegada de los Jesuitas y su presencia evangelizadora y activa, dio mucha vida y cohesi\u00f3n al pueblo de Marruecos. Inolvidables son para los m\u00e1s antiguos las actuaciones del Coro compuesto por j\u00f3venes de familias vecinas como las Vera Caro, Cabello, San Juan, Gutierrez, Valdebenito y muchas otras.<br \/>\nLa presencia de las queridas \u201cMonjitas\u201d Franciscanas junto a la Parroquia ayud\u00f3 a que \u00e9sta se transformara en un centro activo de uni\u00f3n para todo el pueblo. Los m\u00e1s antiguos recordar\u00e1n las maravillosas representaciones de Navidad que organizaba el Padre Benjam\u00edn Vergara y m\u00e1s tarde &amp; Padre Jos\u00e9 Donoso en la ESTACION DE MARRUECOS, con la participaci\u00f3n de muchos vecinos, en la que se recreaban los misterios de la venida del Salvador. El pesebre hecho de fardos de paja, el burro en que llegaba la Virgen con San Jos\u00e9, las carretas de bueyes con huasos cantando, los \u00e1ngeles y todos los espectadores grandes y ni\u00f1os participando en un encuentro de fe y alegr\u00eda.<\/p>\n<p>En e! a\u00f1o 1954, acogiendo una petici\u00f3n muy sentida por los vecinos, se decret\u00f3 el cambio de nombre del pueblo de Marruecos, por e] de Padre Hurtado en honor a! gran santo que por largos per\u00edodos vivi\u00f3 en este lugar, hasta poco tiempo antes de su muerte. Pero la estaci\u00f3n conserv\u00f3 su antiguo y querido nombre de Marruecos, Con e! tiempo modernos buses fueron desplazando e! uso del ferrocarril y hoy en d\u00eda e! tren ya no se detiene a dejar pasajeros ni se llenan sus carros de alegres familias que van a Cartagena a disfrutar de un pic-nic en la playa por el d\u00eda. Pero la estaci\u00f3n de Maruecos sigue siendo para los hijos de este pueblo un patrimonio de hermosos tiempos pasados.<\/p>\n<p>Ojal\u00e1 los que hemos nacido y nos hemos criado en este pueblo, trabajemos para devolverle esa identidad, comenzando por recuperar y mantener con dignidad nuestras calles y plazas, recuperar y hermosear las construcciones antiguas (Estaci\u00f3n de Marruecos, plazas, casas antiguas de] pueblo, calles arboladas, etc\u2026).<br \/>\nRegina Tagle de Riesco<br \/>\nEnero 2007<\/p>\n<p><strong>Acerca del origen del nombre Marruecos<\/strong><\/p>\n<p>Don Manuel Tagle Vald\u00e9s, actual due\u00f1o del fundo de este mismo nombre se inclina por Ja teor\u00eda de que Marruecos ser\u00eda una deformaci\u00f3n de Mallueco, que a su vez deriva de la voz Mapuche Malloco, palabra compuesta por mallo: greda blanca y co: agua. Lo que se traduce como \u2018agua de greda blanca\u201d. Si bien esto no corresponde exactamente a la calidad de la tierra de esta zona, se refiere m\u00e1s bien a la gran cantidad de cal que contiene el agua extra\u00edda de las napas subterr\u00e1neas, lo que le da un aspecto blanquecino.<\/p>\n","protected":false},"excerpt":{"rendered":"<p>MARRUECOS Breve s\u00edntesis de la historia de las tierras de Marruecos, que hoy se denominan Padre Hurtado. Los primeros habitantes. En tiempos anteriores a la conquista, el actual territorio de Padre Hurtado era conocido como PEUCODA\u00d1E, voz mapuche que significa \u201cnido de peuco\u201d, derivado de peuco, el ave de rapi\u00f1a y da\u00f1e: nido. Desde muy<\/p>\n<div class=\"read-more\"><a href=\"https:\/\/portal.mph.cl\/?page_id=56\" title=\"Read More\">Read More<\/a><\/div>\n","protected":false},"author":5,"featured_media":0,"parent":0,"menu_order":0,"comment_status":"open","ping_status":"open","template":"","meta":{"footnotes":""},"_links":{"self":[{"href":"https:\/\/portal.mph.cl\/index.php?rest_route=\/wp\/v2\/pages\/56"}],"collection":[{"href":"https:\/\/portal.mph.cl\/index.php?rest_route=\/wp\/v2\/pages"}],"about":[{"href":"https:\/\/portal.mph.cl\/index.php?rest_route=\/wp\/v2\/types\/page"}],"author":[{"embeddable":true,"href":"https:\/\/portal.mph.cl\/index.php?rest_route=\/wp\/v2\/users\/5"}],"replies":[{"embeddable":true,"href":"https:\/\/portal.mph.cl\/index.php?rest_route=%2Fwp%2Fv2%2Fcomments&post=56"}],"version-history":[{"count":1,"href":"https:\/\/portal.mph.cl\/index.php?rest_route=\/wp\/v2\/pages\/56\/revisions"}],"predecessor-version":[{"id":10633,"href":"https:\/\/portal.mph.cl\/index.php?rest_route=\/wp\/v2\/pages\/56\/revisions\/10633"}],"wp:attachment":[{"href":"https:\/\/portal.mph.cl\/index.php?rest_route=%2Fwp%2Fv2%2Fmedia&parent=56"}],"curies":[{"name":"wp","href":"https:\/\/api.w.org\/{rel}","templated":true}]}}