{"id":17286,"date":"2021-11-29T11:15:56","date_gmt":"2021-11-29T15:15:56","guid":{"rendered":"http:\/\/portal.mph.cl\/?page_id=17286"},"modified":"2026-01-08T11:11:45","modified_gmt":"2026-01-08T15:11:45","slug":"juzgado-de-policia-local","status":"publish","type":"page","link":"https:\/\/portal.mph.cl\/?page_id=17286","title":{"rendered":"Juzgado Polic\u00eda Local"},"content":{"rendered":"<p>El Juzgado de Polic\u00eda Local es un \u00f3rgano jurisdiccional que reviste el car\u00e1cter de Tribunal Especial, siendo su principal funci\u00f3n la de administrar Justicia dentro de la comuna, en todas las materias en que se le ha dado competencia en conformidad a la Ley 15.231.<\/p>\n<p><strong>Competencias:<\/strong><\/p>\n<p>Los Juzgados de Polic\u00eda Local son Tribunales especiales que administran justicia en conformidad a la competencia establecida en la Ley N\u00ba 15.231, y en aquellas Leyes especiales, ordenanzas y Decretos en los t\u00e9rminos que faculte la Ley.<\/p>\n<p>Las principales competencias de los Juzgados de Polic\u00eda Local son las siguientes:<\/p>\n<ol>\n<li>Infracciones a la Ley del Tr\u00e1nsito Ley N\u00ba 18.290;<\/li>\n<li>Infracciones a la Ley General de Urbanismo y Construcciones y su ordenanza;<\/li>\n<li>Infracciones a las Ordenanzas Municipales;<\/li>\n<li>Infracciones a la Ley de Rentas Municipales Decreto N\u00ba 3.063;<\/li>\n<li>Infracciones por Buses contaminantes Ley N\u00ba 19.040 y Decreto 116 del Ministerio de Transportes;<\/li>\n<li>Ley de Alcoholes N\u00ba 19.925;<\/li>\n<li>Infracciones a la Ley de Co-propiedad Ley N\u00ba 19.537;<\/li>\n<li>Infracciones a la Ley del Consumidor Ley N\u00ba 19.496;<\/li>\n<li>Infracciones a la Ley de Votaciones y Escrutinios Ley N\u00ba 18.700;<\/li>\n<\/ol>\n<ul>\n<li>Infracciones a la Ley de Vigilantes Privados Ley N\u00ba 3.607 Decreto Supremo 1773 y 93;<\/li>\n<li>Otras especiales que el encomienden las leyes;<\/li>\n<\/ul>\n<p><strong>Ubicaci\u00f3n:<\/strong><\/p>\n<p>Camino San Alberto Hurtado N\u00ba 3295 (Ex Camino Melipilla), Padre Hurtado.<\/p>\n<p><strong>Horario atenci\u00f3n de p\u00fablico:<\/strong><\/p>\n<p>Lunes a viernes de 09:00 a 13:00 horas.<\/p>\n<p>Audiencias, de lunes a jueves, en igual horario.<\/p>\n<p><strong>Tel\u00e9fono: <\/strong>224306161.<\/p>\n<p style=\"font-weight: 400;\"><strong>INFORMACI\u00d3N IMPORTANTE SOBRE LA RECEPCI\u00d3N DE ESCRITOS POR CORREO ELECTR\u00d3NICO<\/strong>:<\/p>\n<ul>\n<li style=\"font-weight: 400;\">Se informa a nuestros usuarios que desde el d\u00eda 1 de Febrero de 2026, no se recibir\u00e1n m\u00e1s escritos en la casilla electr\u00f3nica jpl@mph.cl, por lo que, desde esa fecha, toda presentaci\u00f3n deber\u00e1 ser ingresada directamente en la\u00a0\u00a0\u00a0ventanilla del tribunal, dentro del horario de atenci\u00f3n de p\u00fablico, o bien, en el domicilio del Sr. Secretario del Tribunal, o quien lo subrogue, los que se encuentran publicados directamente en el hall del tribunal y en la guardia del edificio consistorial.<\/li>\n<\/ul>\n<p><strong>Correo electr\u00f3nico (solo para remisi\u00f3n de notificaciones por parte del Tribunal, en virtud del art. 18 ley 18.287): <\/strong><a href=\"mailto:notificaciones@mph.cl\">notificaciones@mph.cl<\/a><\/p>\n<ul>\n<li>Esta casilla NO recibe correos electr\u00f3nicos.<\/li>\n<\/ul>\n<p><strong>Juez Titular<\/strong>: Sr. Ismael Gonz\u00e1lez Moreno.<\/p>\n<p><strong>Secretario Abogado<\/strong>: Sr. Hip\u00f3lito Sep\u00falveda Rivera.<\/p>\n<p><strong>Oficial Primero<\/strong>: Sra. Claudia Merino Rubio.<\/p>\n","protected":false},"excerpt":{"rendered":"<p>El Juzgado de Polic\u00eda Local es un \u00f3rgano jurisdiccional que reviste el car\u00e1cter de Tribunal Especial, siendo su principal funci\u00f3n la de administrar Justicia dentro de la comuna, en todas las materias en que se le ha dado competencia en conformidad a la Ley 15.231. Competencias: Los Juzgados de Polic\u00eda Local son Tribunales especiales que<\/p>\n<div class=\"read-more\"><a href=\"https:\/\/portal.mph.cl\/?page_id=17286\" title=\"Read More\">Read More<\/a><\/div>\n","protected":false},"author":7,"featured_media":0,"parent":0,"menu_order":0,"comment_status":"closed","ping_status":"closed","template":"","meta":{"footnotes":""},"_links":{"self":[{"href":"https:\/\/portal.mph.cl\/index.php?rest_route=\/wp\/v2\/pages\/17286"}],"collection":[{"href":"https:\/\/portal.mph.cl\/index.php?rest_route=\/wp\/v2\/pages"}],"about":[{"href":"https:\/\/portal.mph.cl\/index.php?rest_route=\/wp\/v2\/types\/page"}],"author":[{"embeddable":true,"href":"https:\/\/portal.mph.cl\/index.php?rest_route=\/wp\/v2\/users\/7"}],"replies":[{"embeddable":true,"href":"https:\/\/portal.mph.cl\/index.php?rest_route=%2Fwp%2Fv2%2Fcomments&post=17286"}],"version-history":[{"count":11,"href":"https:\/\/portal.mph.cl\/index.php?rest_route=\/wp\/v2\/pages\/17286\/revisions"}],"predecessor-version":[{"id":22091,"href":"https:\/\/portal.mph.cl\/index.php?rest_route=\/wp\/v2\/pages\/17286\/revisions\/22091"}],"wp:attachment":[{"href":"https:\/\/portal.mph.cl\/index.php?rest_route=%2Fwp%2Fv2%2Fmedia&parent=17286"}],"curies":[{"name":"wp","href":"https:\/\/api.w.org\/{rel}","templated":true}]}}