{"id":10888,"date":"2015-07-14T04:25:55","date_gmt":"2015-07-14T04:25:55","guid":{"rendered":"http:\/\/portal.mph.cl\/?page_id=10888"},"modified":"2015-07-14T05:18:40","modified_gmt":"2015-07-14T05:18:40","slug":"medico-a-domicilio","status":"publish","type":"page","link":"https:\/\/portal.mph.cl\/?page_id=10888","title":{"rendered":"M\u00e9dico a Domicilio"},"content":{"rendered":"<p>ESTE PROGRAMA ES UN SERVICIO DE ATENCI\u00d3N MEDICO DOMICILIARIA PARA:<\/p>\n<ul>\n<li><b>ADULTOS MAYORES DE 65 A\u00d1OS<\/b><\/li>\n<li><b>MENORES DE 3 A\u00d1OS<\/b><\/li>\n<li><b>POSTRADOS<\/b><\/li>\n<\/ul>\n<p>Su Horario de funcionamiento es de lunes a s\u00e1bado de 17:30 a 23:30 horas.<\/p>\n<p><b>Los cupos de atenci\u00f3n para este programa son de acuerdo a disponibilidad de agenda del m\u00e9dico .<\/b><\/p>\n<table cellspacing=\"0\" cellpadding=\"0\" align=\"left\">\n<tbody>\n<tr>\n<td width=\"0\" height=\"0\"><\/td>\n<td width=\"326\"><\/td>\n<td width=\"59\"><\/td>\n<td width=\"296\"><\/td>\n<\/tr>\n<tr>\n<td height=\"218\"><\/td>\n<td align=\"left\" valign=\"top\">&nbsp;<\/td>\n<td><\/td>\n<td rowspan=\"2\" align=\"left\" valign=\"top\"><\/td>\n<\/tr>\n<\/tbody>\n<\/table>\n<p>&nbsp;<\/p>\n<p>&nbsp;<\/p>\n<p>&nbsp;<\/p>\n<p>&nbsp;<\/p>\n<p>&nbsp;<\/p>\n<p>&nbsp;<\/p>\n<p>&nbsp;<\/p>\n<p><b>Para acceder a este servicio debe llamar a los fonos:<\/b><\/p>\n<p><b>28113100- 28114014 CESFAM Juan Pablo II<\/b><\/p>\n<p><b>28111180- 28113135 Santa Rosa de Chena<\/b><\/p>\n","protected":false},"excerpt":{"rendered":"<p>ESTE PROGRAMA ES UN SERVICIO DE ATENCI\u00d3N MEDICO DOMICILIARIA PARA: ADULTOS MAYORES DE 65 A\u00d1OS MENORES DE 3 A\u00d1OS POSTRADOS Su Horario de funcionamiento es de lunes a s\u00e1bado de 17:30 a 23:30 horas. Los cupos de atenci\u00f3n para este programa son de acuerdo a disponibilidad de agenda del m\u00e9dico . &nbsp; &nbsp; &nbsp; &nbsp;<\/p>\n<div class=\"read-more\"><a href=\"https:\/\/portal.mph.cl\/?page_id=10888\" title=\"Read More\">Read More<\/a><\/div>\n","protected":false},"author":5,"featured_media":0,"parent":10353,"menu_order":0,"comment_status":"open","ping_status":"open","template":"","meta":{"footnotes":""},"_links":{"self":[{"href":"https:\/\/portal.mph.cl\/index.php?rest_route=\/wp\/v2\/pages\/10888"}],"collection":[{"href":"https:\/\/portal.mph.cl\/index.php?rest_route=\/wp\/v2\/pages"}],"about":[{"href":"https:\/\/portal.mph.cl\/index.php?rest_route=\/wp\/v2\/types\/page"}],"author":[{"embeddable":true,"href":"https:\/\/portal.mph.cl\/index.php?rest_route=\/wp\/v2\/users\/5"}],"replies":[{"embeddable":true,"href":"https:\/\/portal.mph.cl\/index.php?rest_route=%2Fwp%2Fv2%2Fcomments&post=10888"}],"version-history":[{"count":4,"href":"https:\/\/portal.mph.cl\/index.php?rest_route=\/wp\/v2\/pages\/10888\/revisions"}],"predecessor-version":[{"id":10901,"href":"https:\/\/portal.mph.cl\/index.php?rest_route=\/wp\/v2\/pages\/10888\/revisions\/10901"}],"up":[{"embeddable":true,"href":"https:\/\/portal.mph.cl\/index.php?rest_route=\/wp\/v2\/pages\/10353"}],"wp:attachment":[{"href":"https:\/\/portal.mph.cl\/index.php?rest_route=%2Fwp%2Fv2%2Fmedia&parent=10888"}],"curies":[{"name":"wp","href":"https:\/\/api.w.org\/{rel}","templated":true}]}}